{"id":2679,"date":"2023-08-17T15:20:38","date_gmt":"2023-08-17T18:20:38","guid":{"rendered":"https:\/\/powertuning.com.br\/?page_id=2679"},"modified":"2025-08-21T16:47:46","modified_gmt":"2025-08-21T19:47:46","slug":"reuniao-comercial","status":"publish","type":"page","link":"https:\/\/powertuning.com.br\/blog\/reuniao-comercial\/","title":{"rendered":"Reuni\u00e3o Comercial"},"content":{"rendered":"<p>Est\u00e1 precisando marcar uma reuni\u00e3o com a gente para solicitar um or\u00e7amento para a sua empresa?<\/p>\n<p>Aqui na Power Tuning, n\u00f3s somos \u00f3timos em simplificar e otimizar processos \ud83d\ude42<\/p>\n<p>Escolha a \u00e1rea abaixo para abrir a agenda do nosso consultor. Voc\u00ea ir\u00e1 visualizar os hor\u00e1rios dispon\u00edveis e identificar qual a melhor agenda para voc\u00ea.<\/p>\n<div class=\"container\"><a class=\"botao\" href=\"https:\/\/powertuning.com.br\/reuniao-bi\" target=\"_blank\" rel=\"noopener\">BI \/ Analytics<\/a><br \/>\n<a class=\"botao\" href=\"https:\/\/powerembedded.com.br\/apresentacao\" target=\"_blank\" rel=\"noopener\">Power Embedded<\/a><br \/>\n<a class=\"botao\" href=\"https:\/\/powertuning.com.br\/reuniao-azure\" target=\"_blank\" rel=\"noopener\">Azure<\/a><br \/>\n<a class=\"botao\" href=\"https:\/\/powertuning.com.br\/reuniao-sql\" target=\"_blank\" rel=\"noopener\">DBA &#8211; SQL Server<\/a><br \/>\n<a class=\"botao\" href=\"https:\/\/powertuning.com.br\/reuniao-oracle\" target=\"_blank\" rel=\"noopener\">DBA &#8211; Oracle<\/a><br \/>\n<a class=\"botao\" href=\"https:\/\/powertuning.com.br\/reuniao-mysql\" target=\"_blank\" rel=\"noopener\">DBA &#8211; MySQL \/ MariaDB<\/a><br \/>\n<a class=\"botao\" href=\"https:\/\/powertuning.com.br\/reuniao-postgres\" target=\"_blank\" rel=\"noopener\">DBA &#8211; PostgreSQL<\/a><\/div>\n<div class=\"espaco\"><\/div>\n","protected":false},"excerpt":{"rendered":"<p>Est\u00e1 precisando marcar uma reuni\u00e3o com a gente para solicitar um or\u00e7amento para a sua empresa? Aqui na Power Tuning, n\u00f3s somos \u00f3timos em simplificar e otimizar processos \ud83d\ude42 Escolha a \u00e1rea abaixo para abrir a agenda do nosso consultor. Voc\u00ea ir\u00e1 visualizar os hor\u00e1rios dispon\u00edveis e identificar qual a melhor agenda para voc\u00ea. BI&hellip; <br \/> <a class=\"read-more\" href=\"https:\/\/powertuning.com.br\/blog\/reuniao-comercial\/\">Leia mais<\/a><\/p>\n","protected":false},"author":4,"featured_media":0,"parent":0,"menu_order":0,"comment_status":"closed","ping_status":"closed","template":"","meta":{"content-type":"","_exactmetrics_skip_tracking":false,"_exactmetrics_sitenote_active":false,"_exactmetrics_sitenote_note":"","_exactmetrics_sitenote_category":0,"jetpack_post_was_ever_published":false,"footnotes":""},"class_list":["post-2679","page","type-page","status-publish","hentry"],"jetpack_sharing_enabled":true,"_links":{"self":[{"href":"https:\/\/powertuning.com.br\/blog\/wp-json\/wp\/v2\/pages\/2679","targetHints":{"allow":["GET"]}}],"collection":[{"href":"https:\/\/powertuning.com.br\/blog\/wp-json\/wp\/v2\/pages"}],"about":[{"href":"https:\/\/powertuning.com.br\/blog\/wp-json\/wp\/v2\/types\/page"}],"author":[{"embeddable":true,"href":"https:\/\/powertuning.com.br\/blog\/wp-json\/wp\/v2\/users\/4"}],"replies":[{"embeddable":true,"href":"https:\/\/powertuning.com.br\/blog\/wp-json\/wp\/v2\/comments?post=2679"}],"version-history":[{"count":15,"href":"https:\/\/powertuning.com.br\/blog\/wp-json\/wp\/v2\/pages\/2679\/revisions"}],"predecessor-version":[{"id":4898,"href":"https:\/\/powertuning.com.br\/blog\/wp-json\/wp\/v2\/pages\/2679\/revisions\/4898"}],"wp:attachment":[{"href":"https:\/\/powertuning.com.br\/blog\/wp-json\/wp\/v2\/media?parent=2679"}],"curies":[{"name":"wp","href":"https:\/\/api.w.org\/{rel}","templated":true}]}}