{"id":2326,"date":"2023-06-05T20:25:20","date_gmt":"2023-06-05T23:25:20","guid":{"rendered":"https:\/\/powertuning.com.br\/?page_id=2326"},"modified":"2024-07-22T14:11:45","modified_gmt":"2024-07-22T17:11:45","slug":"consultoria-de-banco-de-dados-dba-remoto","status":"publish","type":"page","link":"https:\/\/powertuning.com.br\/blog\/consultoria-de-banco-de-dados-dba-remoto\/","title":{"rendered":"Consultoria de Banco de Dados (DBA Remoto)"},"content":{"rendered":"<p>No mercado desde 2014, a Power Tuning j\u00e1 atendeu mais de 570 empresas, tanto no Brasil quanto no exterior, e \u00e9 uma consultoria especializada em dados, sendo uma das maiores refer\u00eancias t\u00e9cnicas do Brasil em gest\u00e3o de bancos de dados SQL Server.<\/p>\n<p>Nossos l\u00edderes de times s\u00e3o bastante reconhecidos no mercado e refer\u00eancias para os outros profissionais da \u00e1rea:<\/p>\n<ul>\n<li>CEO \u2022 <a href=\"https:\/\/www.linkedin.com\/in\/fabriciofrancalima\/\" target=\"_blank\" rel=\"noopener\">Fabr\u00edcio Lima<\/a><\/li>\n<li>Head of Oracle e MySQL \u2022 <a href=\"https:\/\/www.linkedin.com\/in\/ricardoportilhoproni\/\" target=\"_blank\" rel=\"noopener\">Ricardo Portilho<\/a><\/li>\n<li>Head of SQL Server \u2022 <a href=\"https:\/\/www.linkedin.com\/in\/raianeflores\/\">Raiane Flores<\/a><\/li>\n<\/ul>\n<p>Em nossa \u00e1rea de SQL Server, somos a \u00fanica consultoria do Brasil que conta com o apoio do <a href=\"https:\/\/www.linkedin.com\/in\/fabianoamorim\/\" target=\"_blank\" rel=\"noopener\">Fabiano Amorim<\/a>, melhor profissional de Tuning SQL do pa\u00eds e tamb\u00e9m somos <span class=\"ui-provider ah aef ms alm aln alo alp alq alr als alt alu alv alw alx aly alz ama amb amc amd ame amf amg amh ami amj amk aml amm amn amo amp amq amr\" dir=\"ltr\"><strong>Microsoft Solution Partner<\/strong> (Dados e IA Azure).<\/span><\/p>\n<p>Em 2023, passamos a suportar tamb\u00e9m o SGBD Oracle, MySQL, PostgreSQL e bancos NoSQL (MongoDB, Redis, Cassandra, Neo4j, CosmosDB), com a chegada do Ricardo Portilho (ex Oracle ACE) e Leandro Domingues (MongoDB Champion), profissionais refer\u00eancias do mercado e especialistas do mais alto n\u00edvel, com mais de 15 anos de experi\u00eancia na \u00e1rea (cada).<\/p>\n<p>Para qual SGBD voc\u00ea precisa de ajuda?<br \/>\n\n<table id=\"tablepress-1\" class=\"tablepress tablepress-id-1\">\n<tbody class=\"row-hover\">\n<tr class=\"row-1\">\n\t<td class=\"column-1\"><a href=\"https:\/\/powertuning.com.br\/consultoria-sql-server\/\" rel=\"noopener\" target=\"_blank\"><img loading=\"lazy\" decoding=\"async\" src=\"https:\/\/powertuning.com.br\/blog\/wp-content\/uploads\/2023\/05\/Microsoft-SQL-Server-Logo-300x110.png\" alt=\"\" width=\"300\" height=\"110\" class=\"alignnone size-medium wp-image-2086\" srcset=\"https:\/\/powertuning.com.br\/blog\/wp-content\/uploads\/2023\/05\/Microsoft-SQL-Server-Logo-300x110.png 300w, https:\/\/powertuning.com.br\/blog\/wp-content\/uploads\/2023\/05\/Microsoft-SQL-Server-Logo.png 371w\" sizes=\"auto, (max-width: 300px) 100vw, 300px\" \/><\/a><\/td><td class=\"column-2\"><a href=\"https:\/\/powertuning.com.br\/consultoria-sql-server\/\" rel=\"noopener\" target=\"_blank\"><strong>SQL Server - Azure SQL Database - Azure SQL Managed Instance<\/strong><\/a><br \/>\nSGBD da Microsoft, \u00e9 um dos bancos relacionais mais utilizadas no mundo. \u00c9 extremamente r\u00e1pido e seguro, possui uma plataforma de dados integrada com o Integration Services, Analysis Services e Reporting Services.<\/td>\n<\/tr>\n<tr class=\"row-2\">\n\t<td class=\"column-1\"><a href=\"https:\/\/powertuning.com.br\/consultoria-oracle\/\" rel=\"noopener\" target=\"_blank\"><img loading=\"lazy\" decoding=\"async\" src=\"https:\/\/powertuning.com.br\/blog\/wp-content\/uploads\/2023\/05\/Oracle-Database-Logo.png\" alt=\"\" width=\"305\" height=\"165\" class=\"alignnone size-full wp-image-2072\" srcset=\"https:\/\/powertuning.com.br\/blog\/wp-content\/uploads\/2023\/05\/Oracle-Database-Logo.png 305w, https:\/\/powertuning.com.br\/blog\/wp-content\/uploads\/2023\/05\/Oracle-Database-Logo-300x162.png 300w\" sizes=\"auto, (max-width: 305px) 100vw, 305px\" \/><\/a><\/td><td class=\"column-2\"><a href=\"https:\/\/powertuning.com.br\/consultoria-oracle\/\" rel=\"noopener\" target=\"_blank\"><strong>Oracle Database<\/strong><\/a><br \/>\nUm dos SGBD's relacionais mais utilizados do mundo, o Oracle \u00e9 extremamente confi\u00e1vel e robusto, utilizado bases gigantescas. Sua combina\u00e7\u00e3o com o Oracle RAC entrega uma plataforma de banco de dados extremamente r\u00e1pida e confi\u00e1vel.<\/td>\n<\/tr>\n<tr class=\"row-3\">\n\t<td class=\"column-1\"><img loading=\"lazy\" decoding=\"async\" src=\"https:\/\/powertuning.com.br\/blog\/wp-content\/uploads\/2023\/06\/mysql-2048-300x300.png\" alt=\"\" width=\"300\" height=\"300\" class=\"alignnone size-medium wp-image-2443\" srcset=\"https:\/\/powertuning.com.br\/blog\/wp-content\/uploads\/2023\/06\/mysql-2048-300x300.png 300w, https:\/\/powertuning.com.br\/blog\/wp-content\/uploads\/2023\/06\/mysql-2048-1024x1024.png 1024w, https:\/\/powertuning.com.br\/blog\/wp-content\/uploads\/2023\/06\/mysql-2048-150x150.png 150w, https:\/\/powertuning.com.br\/blog\/wp-content\/uploads\/2023\/06\/mysql-2048-768x768.png 768w, https:\/\/powertuning.com.br\/blog\/wp-content\/uploads\/2023\/06\/mysql-2048-1536x1536.png 1536w, https:\/\/powertuning.com.br\/blog\/wp-content\/uploads\/2023\/06\/mysql-2048-1080x1080.png 1080w, https:\/\/powertuning.com.br\/blog\/wp-content\/uploads\/2023\/06\/mysql-2048.png 2048w\" sizes=\"auto, (max-width: 300px) 100vw, 300px\" \/><\/td><td class=\"column-2\"><strong>MySQL \/ MariaDB<\/strong><br \/>\nO MySQL \u00e9 um sistema de gerenciamento de banco de dados, que utiliza a linguagem SQL como interface. \u00c9 atualmente um dos sistemas de gerenciamento de bancos de dados mais populares da Oracle Corporation, com mais de 10 milh\u00f5es de instala\u00e7\u00f5es pelo mundo.<\/td>\n<\/tr>\n<tr class=\"row-4\">\n\t<td class=\"column-1\"><img loading=\"lazy\" decoding=\"async\" src=\"https:\/\/powertuning.com.br\/blog\/wp-content\/uploads\/2023\/06\/PostgreSQL-Logo-300x188.png\" alt=\"\" width=\"300\" height=\"188\" class=\"alignnone size-medium wp-image-2441\" srcset=\"https:\/\/powertuning.com.br\/blog\/wp-content\/uploads\/2023\/06\/PostgreSQL-Logo-300x188.png 300w, https:\/\/powertuning.com.br\/blog\/wp-content\/uploads\/2023\/06\/PostgreSQL-Logo-1024x640.png 1024w, https:\/\/powertuning.com.br\/blog\/wp-content\/uploads\/2023\/06\/PostgreSQL-Logo-768x480.png 768w, https:\/\/powertuning.com.br\/blog\/wp-content\/uploads\/2023\/06\/PostgreSQL-Logo-1536x960.png 1536w, https:\/\/powertuning.com.br\/blog\/wp-content\/uploads\/2023\/06\/PostgreSQL-Logo-2048x1280.png 2048w, https:\/\/powertuning.com.br\/blog\/wp-content\/uploads\/2023\/06\/PostgreSQL-Logo-1728x1080.png 1728w\" sizes=\"auto, (max-width: 300px) 100vw, 300px\" \/><\/td><td class=\"column-2\"><strong>PostgreSQL<\/strong><br \/>\nPostgreSQL \u00e9 um poderoso sistema gerenciador de banco de dados objeto relacional, desenvolvido como projeto de c\u00f3digo aberto.<\/td>\n<\/tr>\n<tr class=\"row-5\">\n\t<td class=\"column-1\"><img loading=\"lazy\" decoding=\"async\" src=\"https:\/\/powertuning.com.br\/blog\/wp-content\/uploads\/2023\/06\/mongodb-256-e1686106238939.png\" alt=\"\" width=\"256\" height=\"81\" class=\"alignnone size-full wp-image-2340\" \/><\/td><td class=\"column-2\"><strong>MongoDB<\/strong><br \/>\nMongoDB \u00e9 um software de banco de dados NoSQL, orientado a documentos livre, de c\u00f3digo aberto e multiplataforma, e utiliza documentos semelhantes a JSON com esquemas.<\/td>\n<\/tr>\n<tr class=\"row-6\">\n\t<td class=\"column-1\"><img loading=\"lazy\" decoding=\"async\" src=\"https:\/\/powertuning.com.br\/blog\/wp-content\/uploads\/2023\/06\/Logo-redis-300x103.png\" alt=\"\" width=\"300\" height=\"103\" class=\"alignnone size-medium wp-image-2341\" srcset=\"https:\/\/powertuning.com.br\/blog\/wp-content\/uploads\/2023\/06\/Logo-redis-300x103.png 300w, https:\/\/powertuning.com.br\/blog\/wp-content\/uploads\/2023\/06\/Logo-redis.png 512w\" sizes=\"auto, (max-width: 300px) 100vw, 300px\" \/><\/td><td class=\"column-2\"><strong>Redis<\/strong><br \/>\nRedis \u00e9 um armazenamento de estrutura de dados em mem\u00f3ria, usado como um banco de dados em mem\u00f3ria distribu\u00eddo de chave-valor, cache e agente de mensagens, com durabilidade opcional e muito utilizado para cria\u00e7\u00e3o de caches por diferentes plataformas.<\/td>\n<\/tr>\n<tr class=\"row-7\">\n\t<td class=\"column-1\"><img loading=\"lazy\" decoding=\"async\" src=\"https:\/\/powertuning.com.br\/blog\/wp-content\/uploads\/2023\/06\/logo-cassandra-300x80.webp\" alt=\"\" width=\"300\" height=\"80\" class=\"alignnone size-medium wp-image-2342\" srcset=\"https:\/\/powertuning.com.br\/blog\/wp-content\/uploads\/2023\/06\/logo-cassandra-300x80.webp 300w, https:\/\/powertuning.com.br\/blog\/wp-content\/uploads\/2023\/06\/logo-cassandra.webp 720w\" sizes=\"auto, (max-width: 300px) 100vw, 300px\" \/><\/td><td class=\"column-2\"><strong>Cassandra<\/strong><br \/>\nApache Cassandra \u00e9 um projeto de sistema de banco de dados distribu\u00eddo altamente escal\u00e1vel de segunda gera\u00e7\u00e3o, que re\u00fane a arquitetura do DynamoDB, da Amazon Web Services e modelo de dados baseado no BigTable, do Google.<\/td>\n<\/tr>\n<tr class=\"row-8\">\n\t<td class=\"column-1\"><img loading=\"lazy\" decoding=\"async\" src=\"https:\/\/powertuning.com.br\/blog\/wp-content\/uploads\/2023\/06\/Neo4j-logo_color-300x113.png\" alt=\"\" width=\"300\" height=\"113\" class=\"alignnone size-medium wp-image-2347\" srcset=\"https:\/\/powertuning.com.br\/blog\/wp-content\/uploads\/2023\/06\/Neo4j-logo_color-300x113.png 300w, https:\/\/powertuning.com.br\/blog\/wp-content\/uploads\/2023\/06\/Neo4j-logo_color-768x288.png 768w, https:\/\/powertuning.com.br\/blog\/wp-content\/uploads\/2023\/06\/Neo4j-logo_color.png 800w\" sizes=\"auto, (max-width: 300px) 100vw, 300px\" \/><\/td><td class=\"column-2\"><strong>Neo4j<\/strong><br \/>\nNeo4j \u00e9 um sistema de gerenciamento de banco de dados gr\u00e1fico desenvolvido pela Neo4j, Inc. Os elementos de dados que o Neo4j armazena s\u00e3o n\u00f3s, arestas que os conectam e atributos de n\u00f3s e arestas.<\/td>\n<\/tr>\n<tr class=\"row-9\">\n\t<td class=\"column-1\"><img loading=\"lazy\" decoding=\"async\" src=\"https:\/\/powertuning.com.br\/blog\/wp-content\/uploads\/2023\/06\/logo-cosmosdb-e1686106265513.jpg\" alt=\"\" width=\"280\" height=\"163\" class=\"alignnone size-full wp-image-2343\" \/><\/td><td class=\"column-2\"><strong>Azure Cosmos DB<\/strong><br \/>\nO Azure Cosmos DB \u00e9 um servi\u00e7o de banco de dados multimodelo distribu\u00eddo globalmente oferecido pelo Microsoft Azure. Ele foi projetado para fornecer alta disponibilidade, escalabilidade e acesso de baixa lat\u00eancia a dados para aplicativos de miss\u00e3o cr\u00edtica.<\/td>\n<\/tr>\n<\/tbody>\n<\/table>\n<!-- #tablepress-1 from cache -->\n","protected":false},"excerpt":{"rendered":"<p>No mercado desde 2014, a Power Tuning j\u00e1 atendeu mais de 570 empresas, tanto no Brasil quanto no exterior, e \u00e9 uma consultoria especializada em dados, sendo uma das maiores refer\u00eancias t\u00e9cnicas do Brasil em gest\u00e3o de bancos de dados SQL Server. Nossos l\u00edderes de times s\u00e3o bastante reconhecidos no mercado e refer\u00eancias para os&hellip; <br \/> <a class=\"read-more\" href=\"https:\/\/powertuning.com.br\/blog\/consultoria-de-banco-de-dados-dba-remoto\/\">Leia mais<\/a><\/p>\n","protected":false},"author":4,"featured_media":0,"parent":0,"menu_order":0,"comment_status":"closed","ping_status":"closed","template":"","meta":{"content-type":"","_exactmetrics_skip_tracking":false,"_exactmetrics_sitenote_active":false,"_exactmetrics_sitenote_note":"","_exactmetrics_sitenote_category":0,"jetpack_post_was_ever_published":false,"footnotes":""},"class_list":["post-2326","page","type-page","status-publish","hentry"],"jetpack_sharing_enabled":true,"_links":{"self":[{"href":"https:\/\/powertuning.com.br\/blog\/wp-json\/wp\/v2\/pages\/2326","targetHints":{"allow":["GET"]}}],"collection":[{"href":"https:\/\/powertuning.com.br\/blog\/wp-json\/wp\/v2\/pages"}],"about":[{"href":"https:\/\/powertuning.com.br\/blog\/wp-json\/wp\/v2\/types\/page"}],"author":[{"embeddable":true,"href":"https:\/\/powertuning.com.br\/blog\/wp-json\/wp\/v2\/users\/4"}],"replies":[{"embeddable":true,"href":"https:\/\/powertuning.com.br\/blog\/wp-json\/wp\/v2\/comments?post=2326"}],"version-history":[{"count":10,"href":"https:\/\/powertuning.com.br\/blog\/wp-json\/wp\/v2\/pages\/2326\/revisions"}],"predecessor-version":[{"id":3457,"href":"https:\/\/powertuning.com.br\/blog\/wp-json\/wp\/v2\/pages\/2326\/revisions\/3457"}],"wp:attachment":[{"href":"https:\/\/powertuning.com.br\/blog\/wp-json\/wp\/v2\/media?parent=2326"}],"curies":[{"name":"wp","href":"https:\/\/api.w.org\/{rel}","templated":true}]}}